 factors of 997071.
3, 163, 2039
What are the prime factors of 5085769?
13, 67, 5839
List the prime factors of 168029.
168029
List the prime factors of 993359.
379, 2621
What are the prime factors of 462455?
5, 7, 73, 181
List the prime factors of 1800171.
3, 61, 1093
What are the prime factors of 1964539?
557, 3527
What are the prime factors of 328225?
5, 19, 691
List the prime factors of 208697.
208697
What are the prime factors of 40397?
7, 29, 199
What are the prime factors of 3468527?
17, 373, 547
What are the prime factors of 1076875?
5, 1723
What are the prime factors of 5721497?
29, 197293
List the prime factors of 15616911.
3, 331, 15727
What are the prime factors of 251859?
3, 37, 2269
List the prime factors of 3504728.
2, 438091
What are the prime factors of 217159?
397, 547
What are the prime factors of 215592?
2, 3, 13, 691
What are the prime factors of 845681?
43, 71, 277
List the prime factors of 1213808.
2, 107, 709
List the prime factors of 13234782.
2, 3, 11, 193, 1039
What are the prime factors of 7827173?
7827173
List the prime factors of 139705.
5, 27941
List the prime factors of 61976.
2, 61, 127
What are the prime factors of 328205?
5, 41, 1601
What are the prime factors of 7316916?
2, 3, 609743
List the prime factors of 370910.
2, 5, 29, 1279
List the prime factors of 2760926.
2, 7, 199, 991
List the prime factors of 1334171.
67, 19913
List the prime factors of 2444149.
29, 271, 311
List the prime factors of 2114986.
2, 1057493
What are the prime factors of 6947375?
5, 55579
What are the prime factors of 437716?
2, 17, 41, 157
What are the prime factors of 15105469?
17, 888557
What are the prime factors of 635237?
23, 71, 389
What are the prime factors of 358795?
5, 73, 983
What are the prime factors of 22515?
3, 5, 19, 79
List the prime factors of 23746396.
2, 23, 258113
List the prime factors of 1594506.
2, 3, 293, 907
What are the prime factors of 67367?
23, 29, 101
What are the prime factors of 3690528?
2, 3, 37, 1039
What are the prime factors of 140759?
140759
List the prime factors of 128948.
2, 32237
What are the prime factors of 3914140?
2, 5, 23, 67, 127
List the prime factors of 259064.
2, 13, 47, 53
List the prime factors of 82609.
82609
What are the prime factors of 12535989?
3, 23, 97, 1873
What are the prime factors of 10049656?
2, 191, 6577
What are the prime factors of 116967?
3, 127, 307
List the prime factors of 14428358.
2, 7, 349, 2953
What are the prime factors of 1336483?
43, 31081
What are the prime factors of 7987763?
7, 1141109
What are the prime factors of 20504127?
3, 7, 193, 5059
List the prime factors of 140049.
3, 7, 13, 19
List the prime factors of 190380.
2, 3, 5, 19, 167
List the prime factors of 97661.
61, 1601
What are the prime factors of 255659?
255659
List the prime factors of 1338417.
3, 19, 2609
List the prime factors of 24272394.
2, 3, 4045399
List the prime factors of 5930726.
2, 2965363
What are the prime factors of 124702?
2, 62351
List the prime factors of 95417.
7, 43, 317
What are the prime factors of 848786?
2, 397, 1069
List the prime factors of 205121.
7, 29303
List the prime factors of 16101970.
2, 5, 701, 2297
What are the prime factors of 49367?
49367
What are the prime factors of 183541?
29, 6329
List the prime factors of 31679027.
23, 1377349
List the prime factors of 10689610.
2, 5, 653, 1637
What are the prime factors of 12722?
2, 6361
What are the prime factors of 470552?
2, 131, 449
What are the prime factors of 21347991?
3, 7, 338857
List the prime factors of 40534297.
257, 157721
What are the prime factors of 371118?
2, 3, 11, 5623
What are the prime factors of 895895?
5, 7, 11, 13, 179
What are the prime factors of 3694058?
2, 311, 5939
What are the prime factors of 9210538?
2, 97, 197, 241
What are the prime factors of 120081?
3, 13, 3079
List the prime factors of 44945.
5, 89, 101
List the prime factors of 52549.
7, 7507
List the prime factors of 165947.
165947
List the prime factors of 827946.
2, 3, 7, 6571
What are the prime factors of 19196324?
2, 7, 827, 829
What are the prime factors of 1324466?
2, 11, 13, 421
List the prime factors of 254924.
2, 101, 631
List the prime factors of 200291.
7, 13, 31, 71
List the prime factors of 617629.
71, 8699
List the prime factors of 533448.
2, 3, 31, 239
List the prime factors of 43760.
2, 5, 547
List the prime factors of 2046290.
2, 5, 17, 12037
List the prime factors of 7064833.
41, 172313
What are the prime factors of 700944?
2, 3, 17, 859
List the prime factors of 1031061.
3, 343687
What are the prime factors of 812436?
2, 3, 79, 857
What are the prime factors of 4501397?
4501397
List the prime factors of 346737.
3, 41, 2819
What are the prime factors of 9385138?
2, 7, 97, 6911
What are the prime factors of 6328642?
2, 1637, 1933
What are the prime factors of 6360668?
2, 19, 127, 659
What are the prime factors of 4100219?
19, 215801
List the prime factors of 269982.
2, 3, 53, 283
What are the prime factors of 500289?
3, 19, 67, 131
List the prime factors of 361075.
5, 11, 13, 101
What are the prime factors of 719967?
3, 17, 19, 743
What are the prime factors of 4977359?
41, 73, 1663
What are the prime factors of 286329?
3, 95443
What are the prime factors of 18390877?
18390877
List the prime factors of 485751.
3, 7, 23131
What are the prime factors of 135101?
135101
List the prime factors of 1919524.
2, 479881
List the prime factors of 8955260.
2, 5, 17, 26339
List the prime factors of 4742309.
11, 13, 2551
What are the prime factors of 8913497?
8913497
List the prime factors of 2924924.
2, 37, 19763
What are the prime factors of 294050?
2, 5, 5881
List the prime factors of 16966258.
2, 839, 10111
List the prime factors of 881122.
2, 11, 331
List the prime factors of 475202.
2, 7, 13, 373
What are the prime factors of 17019?
3, 31, 61
List the prime factors of 32344961.
11, 389, 7559
List the prime factors of 12252582.
2, 3, 61, 11159
List the prime factors of 16537383.
3, 911, 2017
What are the prime factors of 15571722?
2, 3, 2595287
List the prime factors of 3305420.
2, 5, 29, 41, 139
List the prime factors of 1403822.
2, 7, 197, 509
List the prime factors of 3574350.
2, 3, 5, 13, 47
List the prime factors of 533093.
11, 48463
List the prime factors of 136341.
3, 15149
List the prime factors of 6364282.
2, 29, 197, 557
What are the prime factors of 5660544?
2, 3, 14741
List the prime factors of 13094377.
13094377
What are the prime factors of 579279?
3, 193093
What are the prime factors of 25685?
5, 11, 467
What are the prime factors of 11132061?
3, 59, 109, 577
What are the prime factors of 1205007?
3, 401669
List the prime factors of 142786.
2, 7, 31, 47
What are the prime factors of 18664544?
2, 583267
List the prime factors of 27881.
7, 569
What are the prime factors of 17325585?
3, 5, 385013
List the prime factors of 540581.
97, 5573
List the prime factors of 16182728.
2, 2022841
What are the prime factors of 601942?
2, 11, 27361
List the prime factors of 2917227.
3, 972409
What are the prime factors of 7157144?
2, 894643
What are the prime factors of 133813?
133813
What are the prime factors of 4760261?
11, 39341
List the prime factors of 563635.
5, 17, 19, 349
List the prime factors of 10156844.
2, 29, 87559
List the prime factors of 632285.
5, 126457
What are the prime factors of 4033004?
2, 23, 59, 743
What are the prime factors of 956712?
2, 3, 39863
List the prime factors of 512443.
512443
List the prime factors of 1066259.
401, 2659
What are the prime factors of 3395795?
5, 13, 89, 587
What are the prime factors of 17378352?
2, 3, 17, 31, 229
What are the prime factors of 5330756?
2, 23, 57943
List the prime factors of 192737.
192737
List the prime factors of 16354233.
3, 7, 43, 6037
List the prime factors of 74919.
3, 13, 17, 113
What are the prime factors of 1923176?
2, 17, 79, 179
What are the prime factors of 225382?
2, 112691
List the prime factors of 94372.
2, 23593
What are the prime factors of 758194?
2, 379097
What are the prime factors of 3699666?
2, 3, 205537
List the prime factors of 1029200.
2, 5, 31, 83
List the prime factors of 2806136.
2, 350767
List the prime factors of 743605.
5, 148721
What are the prime factors of 1733968?
2, 29, 37, 101
List the prime factors of 3553245